alse
Does 366 divide 202398?
True
Is 27 a factor of 918567?
True
Is 880864 a multiple of 19?
False
Is 6 a factor of 280707?
False
Does 110 divide 65450?
True
Is 438 a factor of 14271325?
False
Does 70 divide 4510100?
True
Is 5062162 a multiple of 398?
True
Is 125208 a multiple of 282?
True
Is 232959 a multiple of 19?
True
Is 262 a factor of 245279?
False
Is 23 a factor of 9637?
True
Is 8 a factor of 2065466?
False
Does 27 divide 227664?
True
Is 890 a factor of 4971297?
False
Is 1771682 a multiple of 76?
False
Does 71 divide 8619116?
True
Does 16 divide 147504?
True
Is 1759 a factor of 1398697?
False
Is 671242 a multiple of 2347?
True
Does 69 divide 6682162?
False
Is 7994584 a multiple of 104?
True
Does 15 divide 379830?
True
Does 116 divide 2824484?
True
Is 29 a factor of 24340180?
False
Does 8 divide 727352?
True
Is 670 a factor of 127746?
False
Does 56 divide 132054?
False
Is 21 a factor of 2201247?
False
Is 108414 a multiple of 57?
True
Is 20 a factor of 129818?
False
Does 117 divide 372879?
True
Is 669699 a multiple of 5?
False
Does 6 divide 74863?
False
Is 4 a factor of 248811?
False
Is 237 a factor of 94089?
True
Does 31 divide 236508?
False
Is 1924 a multiple of 962?
True
Does 393 divide 3050859?
True
Is 20258 a multiple of 8?
False
Does 2 divide 163190?
True
Is 225735 even?
False
Is 1497921 a multiple of 1173?
True
Is 394 a factor of 327808?
True
Is 1535175 a multiple of 61?
False
Is 83496 a multiple of 6?
True
Does 10 divide 38990?
True
Is 3944922 a multiple of 73?
False
Is 114800 a multiple of 41?
True
Is 239199 a multiple of 213?
True
Is 550886 a multiple of 12?
False
Is 5 a factor of 15556?
False
Is 129 a factor of 1102305?
True
Is 431609 a multiple of 306?
False
Does 87 divide 493295?
False
Does 35 divide 202405?
True
Does 13 divide 30491?
False
Is 58 a factor of 2316999?
False
Is 198 a factor of 30888?
True
Does 177 divide 1291847?
False
Is 300694 a multiple of 82?
True
Does 4 divide 1196350?
False
Is 5201462 a multiple of 1393?
True
Is 3 a factor of 12762?
True
Is 130356 a multiple of 3?
True
Is 32395 a multiple of 6?
False
Is 1402008 a multiple of 1273?
False
Is 84 a factor of 527646?
False
Is 37 a factor of 156838?
False
Is 131 a factor of 3404428?
True
Is 18 a factor of 154545?
False
Is 22 a factor of 7793672?
False
Is 3 a factor of 30906?
True
Does 71 divide 2934277?
False
Does 65 divide 132080?
True
Is 9 a factor of 3872847?
False
Is 335760 a multiple of 32?
False
Is 101 a factor of 414599?
False
Is 20 a factor of 3547422?
False
Is 52 a factor of 1492712?
True
Is 9933056 a multiple of 184?
True
Does 12 divide 20554?
False
Is 55 a factor of 275541?
False
Is 129 a factor of 9534899?
False
Is 17 a factor of 1672374?
False
Is 1665324 a multiple of 229?
False
Does 13 divide 3770779?
False
Does 195 divide 1547910?
True
Is 51 a factor of 142069?
False
Is 6 a factor of 314454?
True
Is 436 a factor of 112488?
True
Does 46 divide 3082?
True
Is 16 a factor of 228592?
True
Does 348 divide 19380096?
False
Is 12 a factor of 187152?
True
Is 16 a factor of 454624?
True
Does 58 divide 18555?
False
Does 22 divide 20108797?
False
Does 19 divide 187091?
False
Is 4843756 a multiple of 1785?
False
Does 119 divide 15760003?
True
Does 45 divide 1923225?
False
Does 30 divide 5459640?
True
Does 12 divide 163914?
False
Is 738435 a multiple of 57?
True
Is 111544 a multiple of 382?
True
Is 11 a factor of 18325?
False
Does 368 divide 452272?
True
Does 109 divide 1493518?
True
Is 3775720 a multiple of 52?
True
Is 36 a factor of 103388?
False
Does 134 divide 215472?
True
Does 30 divide 7480941?
False
Does 80 divide 330527?
False
Does 89 divide 448149?
False
Is 1547040 a multiple of 121?
False
Is 978289 a multiple of 527?
False
Is 838928 a multiple of 22?
False
Does 72 divide 266219?
False
Is 375615 a multiple of 19?
False
Does 32 divide 516460?
False
Does 123 divide 71955?
True
Does 4 divide 240004?
True
Is 1256424 a multiple of 156?
True
Is 1189880 a multiple of 12?
False
Does 563 divide 1865219?
True
Is 312 a factor of 2245219?
False
Is 185850 a multiple of 531?
True
Is 135 a factor of 1020033?
False
Does 11 divide 652225?
False
Does 19 divide 522010?
False
Is 95 a factor of 2365282?
False
Is 61203 a multiple of 69?
True
Is 271744 a multiple of 352?
True
Does 28 divide 11869480?
True
Is 865565 a multiple of 523?
True
Does 27 divide 161507?
False
Is 18 a factor of 192654?
True
Is 73 a factor of 10798?
False
Does 5 divide 49391?
False
Does 17 divide 262711?
False
Is 5 a factor of 44975?
True
Is 11385396 a multiple of 92?
False
Is 58866 even?
True
Is 248 a factor of 73287?
False
Is 15 a factor of 667808?
False
Does 6 divide 24525?
False
Is 43 a factor of 282768?
True
Is 370392 a multiple of 61?
True
Is 6 a factor of 66966?
True
Is 797765 a multiple of 2270?
False
Does 55 divide 420427?
False
Does 762 divide 323850?
True
Is 70 a factor of 299530?
True
Is 533552 a multiple of 8?
True
Does 15 divide 27210?
True
Is 156815 a multiple of 141?
False
Is 72 a factor of 77112?
True
Is 24528 a multiple of 12?
True
Is 68 a factor of 365772?
True
Does 689 divide 10963541?
False
Is 3 a factor of 143589?
True
Does 4 divide 4345358?
False
Is 32096 a multiple of 15?
False
Does 69 divide 1185420?
True
Does 397 divide 28203?
False
Is 11921462 a multiple of 334?
True
Does 13 divide 16660?
False
Is 66 a factor of 12812578?
False
Is 6 a factor of 14132?
False
Is 645327 a multiple of 27?
True
Is 6787970 a multiple of 98?
True
Is 11 a factor of 4800?
False
Does 21 divide 377914?
False
Does 237 divide 5007336?
True
Does 69 divide 726320?
False
Is 102764 a multiple of 46?
True
Is 46598 a multiple of 5?
False
Is 1730170 a multiple of 10?
True
Is 561680 a multiple of 7?
True
Is 94 a multiple of 2?
True
Does 8 divide 702534?
False
Is 3304858 a multiple of 39?
False
Is 583109 a multiple of 8?
False
Does 15 divide 2404410?
True
Is 1373991 a multiple of 29?
True
Is 18260076 a multiple of 12?
True
Does 304 divide 1315104?
True
Is 358 a factor of 3215914?
True
Is 141165 a multiple of 5?
True
Does 27 divide 498800?
False
Does 20 divide 1875?
False
Does 13 divide 47465?
False
Is 26 a factor of 27720?
False
Is 108888 a multiple of 78?
True
Is 3695760 a multiple of 90?
True
Is 7911660 a multiple of 525?
False
Is 428 a factor of 982930?
False
Does 45 divide 374715?
True
Does 4 divide 623012?
True
Does 28 divide 11379258?
False
Does 9 divide 178120?
False
Is 12 a factor of 1618428?
True
Does 8 divide 62147?
False
Is 940000 a multiple of 40?
True
Is 12015223 a multiple of 23?
True
Does 359 divide 855856?
True
Is 172 a factor of 21240719?
False
Is 53 a factor of 697533?
True
Is 67 a factor of 85291?
True
Is 9830231 a multiple of 15?
False
Does 50 divide 269411?
False
Is 63875 a multiple of 35?
True
Is 360 a factor of 28080?
True
Is 28 a factor of 9669940?
True
Does 22 divide 17198?
False
Is 29 a factor of 1113513?
True
Is 3359010 a multiple of 285?
True
Is 21 a factor of 17871?
True
Is 94992 even?
True
Is 98 a factor of 57800?
False
Is 66 a factor of 26087?
False
Is 42 a factor of 431078?
False
Does 24 divide 1485207?
False
Is 45417 a multiple of 3?
True
Does 6 divide 66372?
True
Is 1343304 a multiple of 9?
True
Does 27 divide 195737?
False
Is 178881 a multiple of 11?
False
Does 26 divide 726492?
True
Does 48 divide 426801?
False
Is 4866342 a multiple of 6?
True
Does 89 divide 17076?
False
Does 13 divide 857827?
False
Does 1051 divide 968289?
False
Does 425 divide 1979650?
True
Is 15 a factor of 1268690?
False
Is 763220 a multiple of 310?
True
Is 1215 a multiple of 30?
False
Does 50 divide 89700?
True
Does 16 divide 445214?
False
Is 6737085 a multiple of 45?
True
Is 2420254 a multiple of 14?
False
Is 1323938 a multiple of 320?
False
Does 169 divide 18300?
False
Does 24 divide 8814361?
False
Is 379911 a multiple of 221?
False
Is 63048 a multiple of 5?
False
Does 22 divide 41558?
True
Does 126 divide 2332841?
False
Is 27 a factor of 319951?
False
Does 1904 divide 15672998?
False
Is 2747332 a multiple of 212?
False
Is 12 a factor of 786336?
True
Is 46211 a multiple of 18?
False
Is 120000 a multiple of 24?
True
Is 1769151 a multiple of 1116?
False
Does 16 divide 154609?
False
Does 40 divide 1669811?
False
Is 219 a factor of 22334496?
True
Is 2902406 a multiple of 806?
True
Is 1063852 a multiple o